10 - 12/5)*-2. Suppose -m*q + 16 = 0, -g - 427 = -2*g + 2*q. What is the tens digit of g?
3
Let j(y) = 199*y + 45. Let n be j(6). Let v = -156 + n. What is the units digit of v?
3
Suppose -2*q + 7 = -j, -4*j + 9 = 5*q - 28. Let k be 7/4 + j/12. Suppose 0 = -k*m + 182 + 80. What is the tens digit of m?
3
Suppose -189*p + 188*p + 8516 = 729. What is the hundreds digit of p?
7
Suppose -5*p + 0*p + 20 = 0, 1306 = 2*j + 5*p. Let h = j + 92. What is the tens digit of h?
3
Let z = 45 + -53. Let c = z + 4. What is the units digit of (2/(c/(-3)))/((-66)/(-616))?
4
Let h = -3 + 12. Let x(z) = z**3 - 3*z**2 - 17*z + 20. Let t be x(h). Suppose 1447 + t = 10*p. What is the hundreds digit of p?
1
Let i(r) = r**2 - 4*r - 2. Let z be i(5). Suppose -z*o - 5*p = -521, -o + 5*p + 571 = 2*o. Let c = o - 130. What is the units digit of c?
2
Let t be (-84)/147 - (-116)/7. Suppose t*j + 3804 = 28*j. What is the tens digit of j?
1
Suppose -2*j + 4*f = -152258, 0 = -5*j - 2*f + 189350 + 191259. What is the units digit of j?
3
Let p = -2 + 366. Suppose 10*i = 1176 + p. What is the hundreds digit of i?
1
Let w(i) = -i**2 + 6*i - 4. Let v be w(6). Let g = v + 4. Suppose -118 = -3*t - x, -4*t + 3*x - 51 + 191 = g. What is the tens digit of t?
3
Let j(l) = 572*l**2 + 280*l + 1983. What is the tens digit of j(-7)?
5
Let n be (-20)/(-6)*2862/36. Let g = -118 + n. Let p = g - 11. What is the units digit of p?
6
Let x(c) = -56*c**2 + 5*c + 2. Let s(r) = r**2 + r. Let b(h) = -s(h) - x(h). What is the hundreds digit of b(-2)?
2
Let y(j) = -88*j - 12. Let u = -41 + 37. What is the hundreds digit of y(u)?
3
Suppose -73*v = -68*v, -2*w + 5*v + 5500 = 0. What is the hundreds digit of w?
7
Let u(o) = 18*o**2 + 376*o - 35. What is the units digit of u(-34)?
9
Let i = -4055 - -7242. What is the thousands digit of i?
3
What is the hundreds digit of (-20)/190 - ((-3542385)/57)/(6 + -5)?
1
Suppose g + 441280 = -16*g + 22*g. What is the thousands digit of g?
8
Let m be (30 + 42)*1/3. Let h(r) = -r**3 + 26*r**2 + 26*r - 198. What is the hundreds digit of h(m)?
5
Let q(r) = -180*r**3 - 2*r**2 - 2*r - 1. Suppose -4 = -6*x + 10*x. What is the tens digit of q(x)?
7
Let k(d) = d + 1. Let o(t) = -13*t. Let q(m) = -4*k(m) - o(m). Let v be q(1). Suppose a + 197 = 5*x - 156, v*a = 2*x - 132. What is the units digit of x?
1
Let h be 6/3*(-535)/(-2). Suppose -5*i - 115 = h. Let y = 195 + i. What is the tens digit of y?
6
Let f = 44440 - 5977. What is the tens digit of f?
6
What is the tens digit of -1*(4 - 145/35) + (-58112)/(-14)?
5
Let u(j) = -21*j**3 - 19*j**2 - 35*j - 1. Suppose 0 = 2*q - 0 + 4. What is the units digit of u(q)?
1
Let u = 99723 - 69866. What is the tens digit of u?
5
Suppose 74 = 2*i - 2*q - 38, 4*i - 252 = -3*q. Let k = 214 + -207. Suppose k*n - 5*n = i. What is the tens digit of n?
3
Let l(b) = -55 + 307 + 322 - 2*b**2 - 154 - 7*b. What is the units digit of l(0)?
0
Suppose -5*l + 3*o + 1019 = 0, 4*o + o = -5*l + 995. Let g be (-6)/(-15) + l/(-5). Let n = g - -89. What is the units digit of n?
9
What is the hundreds digit of (75/(2 + 1))/((-16)/97056*-6)?
2
Suppose -2*n = 2*p - 4*n - 72, 4*p + n = 154. Suppose -35 = -v + p. Suppose v + 9 = w. What is the tens digit of w?
8
Let b = 31010 + 4167. What is the hundreds digit of b?
1
Suppose 2*w = -x + 55 + 378, 5*w - 10 = 0. Suppose -6*i = -x - 315. Suppose 0 = f + 5*o - i, 0 = 3*f - 3*o - 30 - 288. What is the units digit of f?
9
Suppose 55 = -7*g + 34. Let t(k) = -16*k + 3. What is the tens digit of t(g)?
5
Let g(y) = y**2 - 132*y - 4. Let t(n) = n**3 + 4*n**2 + 3*n - 8. Let p be t(-2). What is the hundreds digit of g(p)?
8
What is the ten thousands digit of ((-30202)/10 + -15)*-5?
1
Let b(g) = -110*g - 47. Let w be b(-7). Suppose -w = -18*m + 1077. Let x = -39 + m. What is the units digit of x?
1
Let j = -2474 - -829. Let r = j + 3380. What is the thousands digit of r?
1
Suppose 12*j - 2*j = -5750. Let z = 109 - j. What is the hundreds digit of z?
6
Suppose h = -5*d + 66410, -17*d - 66385 = -22*d + 4*h. What is the units digit of d?
1
Let v be 6/(-51) - 8258*(-4)/(-136). Let h = v + 413. What is the hundreds digit of h?
1
Suppose -6*m + 3869 + 3373 = 0. Suppose 16*l - m = 4761. What is the tens digit of l?
7
Suppose 4*m + 16 = 0, 22*o - 27*o + m + 15829 = 0. What is the thousands digit of o?
3
Suppose -3*a + p = 5*p - 13, 3*a = -p + 10. Let u be (-1 + a)/(5 - 44/8). What is the units digit of -1 + (u - (-14)/2)?
2
Let n(k) = k**3 - 3*k**2 - 9*k + 1. Let d be n(3). What is the units digit of (-631250)/(-1111) - (d/(-22) - 1)?
8
What is the tens digit of (-7 - 231/(-35))*-16585?
3
Let d = -329 - -323. Let x(l) = -3*l**3 - 10*l**2 - 11*l - 28. What is the hundreds digit of x(d)?
3
Suppose -4*s = -3*b + 7*b - 68, 0 = 3*b - 3*s - 45. Suppose -b*t - 4*a + 7007 = -11*t, 5*t - 4*a = 6983. What is the units digit of t?
9
Let n = 29 - 47. Let d(v) = -3*v - 42. Let a(p) = -2*p + 1. Let s(l) = 3*a(l) + d(l). What is the tens digit of s(n)?
2
Let f(a) = 129*a**2 - 49*a + 139. What is the tens digit of f(3)?
5
Let q be (-7)/(7/4) - (-1938 + -2). Let k = 3498 - q. What is the units digit of k?
2
Suppose -9 = -2*x - 3*c, -3*x - 6 = 3*c - 5*c. Let w be (x - (-2)/(-1))*118. What is the units digit of -3 + 5 + -3*w/12?
1
Let a(s) = -s**3 - 18*s**2 - 21*s + 14. Let d be a(-17). Let j = -35 + d. Let n = j + 16. What is the units digit of n?
3
Suppose -112*c = -124*c - 6300. Let g = 731 + c. What is the hundreds digit of g?
2
Let k = -34 + 19. Let y be 4 + (-230 - k/5). Let r = -148 - y. What is the units digit of r?
5
Suppose -4*p + 7*s - 10*s + 32 = 0, -p = -2*s + 3. Suppose 0 = 3*z + p*a - 613 - 516, -z + 4*a + 382 = 0. What is the hundreds digit of z?
3
Let c = 10 + -7. Suppose -f + c = 2*r, -6 = 3*f - f + r. What is the units digit of ((-3)/(-4))/(f + 1642/328)?
3
Suppose -15*g + 42152 + 9463 = 0. What is the tens digit of g?
4
Suppose -3*j + 5*q + 726 = 0, -82*q = -4*j - 86*q + 904. What is the hundreds digit of j?
2
Let d = -28108 - -45434. What is the tens digit of d?
2
Let b = -11222 + 24039. What is the ten thousands digit of b?
1
Let b(x) = -3*x**2 + 442*x + 12. What is the hundreds digit of b(82)?
0
Let y(f) = -312*f - 1509. What is the hundreds digit of y(-59)?
8
Let p = 7 - -5. Suppose 0 = -4*i + 7*i - 882. Suppose i = -6*z + p*z. What is the tens digit of z?
4
Let z(v) = -1 - 5*v + 67*v**2 + 6*v + 73*v**2. Suppose 2*b + 16 = 5*i - 16, -3*b - 27 = -4*i. What is the units digit of z(b)?
8
Suppose -429 - 60449 = -4*k - 2*f, -5*k + 5*f + 76075 = 0. What is the hundreds digit of k?
2
Let o = -21225 - -52326. What is the ten thousands digit of o?
3
Suppose 23 = 5*h + 13. Let t(m) = 9*m - 12. Let n be t(h). Suppose -3*l = -4*q + 422, -2*q + n*q + l = 414. What is the hundreds digit of q?
1
Suppose -2*i - 3*z + 19 = 0, -5*i - z + 0*z + 41 = 0. Suppose 2*j = i*j - 1056. What is the units digit of j/(-3)*33/(-22)?
8
Let i(t) = -t**3 - 3*t**2 + 8*t - 77. Let n be -2 + -15 + (-3 - (-20 - -11)). What is the units digit of i(n)?
3
Let h(c) = -2*c + 9. Let l(r) = -r**2 + 14*r - 33. Let b be l(11). What is the units digit of h(b)?
9
Let g = 27 + 3. Let z = -5098 - -5100. Suppose b = z*t + 4 - 22, 5*b - g = -5*t. What is the units digit of t?
8
Let l = 26772 - 17316. What is the hundreds digit of l?
4
Let w be (-243)/(-27) - (6 + 0). Suppose w*o = -c + 250, 3*c - 6*c - 5*o = -746. What is the tens digit of c?
4
Suppose q - 3 = 2*l - 3*l, l = -4*q. Let n be -1 - ((-17)/(-2) + q)*2. What is the tens digit of n/12*3 + 123?
1
Let s = -1275 - -2447. Let p = s + -517. What is the hundreds digit of p?
6
Suppose -287724 = -76*h + 72301 - 74341. What is the tens digit of h?
5
Suppose -50*j - 2*r + 86274 = -48*j, -5*j + 5*r = -215725. What is the hundreds digit of j?
1
Let r(q) = 88*q**2 + 16*q. Suppose 3*b = 3*a - 12, 5*b - 4*a + 8 = -11. What is the units digit of r(b)?
4
Let y = 162269 + -105357. What is the ten thousands digit of y?
5
Let g = 17 - -7. Suppose g*y = 25*y - 50. Suppose -15*o = -13*o - y. What is the tens digit of o?
2
Suppose 2*v + 5*p + 2915 = 42265, -2*p = 12. What is the units digit of v?
0
Let v be 6 - (9 - 18/6). Suppose -13*b + 4241 + 3052 = v. What is the units digit of b?
1
What is the ten thousands digit of ((-50218)/70 - -6)/((-8)